e 7
-23202
What is 10110111111 (base 2) in base 16?
5bf
What is -220 (base 6) in base 7?
-150
Convert -357 (base 13) to base 11.
-487
-20020 (base 8) to base 7
-32634
Convert -3371 (base 12) to base 5.
-140301
Convert 3a8c (base 14) to base 7.
42035
712 (base 8) to base 4
13022
12311 (base 5) to base 8
1674
What is -271a (base 16) in base 11?
-7580
What is -100000100011 (base 2) in base 6?
-13351
What is 1000001011 (base 2) in base 9?
641
What is 52185 (base 9) in base 13?
1288a
-128b (base 12) to base 15
-968
What is 2642 (base 12) in base 2?
1000100010010
What is 251 (base 13) in base 5?
3104
Convert -40 (base 8) to base 13.
-26
-12330 (base 11) to base 14
-6643
52414 (base 8) to base 3
1002212101
Convert -2112110100 (base 3) to base 6.
-1023013
What is 365 (base 15) in base 10?
770
-3555 (base 7) to base 5
-20224
Convert -213433 (base 5) to base 8.
-16310
Convert -7c2 (base 13) to base 8.
-2475
Convert -8073 (base 9) to base 13.
-28b9
2610 (base 7) to base 10
987
What is 200 (base 13) in base 14?
1a2
Convert 13030 (base 7) to base 16.
d7b
Convert 6ac (base 15) to base 16.
5e8
Convert 2228 (base 10) to base 12.
1358
What is 77 (base 10) in base 7?
140
What is 810 (base 10) in base 11?
677
1000111100100 (base 2) to base 7
16232
-808 (base 16) to base 15
-921
Convert 21111001 (base 3) to base 13.
2638
1053 (base 10) to base 9
1400
What is -4110 (base 8) in base 16?
-848
300 (base 6) to base 8
154
What is 1404114 (base 5) in base 4?
12333303
349 (base 13) to base 4
20320
748 (base 12) to base 7
3050
Convert -340 (base 6) to base 13.
-a2
Convert 2b17b (base 12) to base 2.
1110110100101111
What is -25120 (base 7) in base 9?
-10021
20 (base 7) to base 2
1110
What is 33110 (base 7) in base 9?
12328
What is -9a0 (base 14) in base 12?
-1128
Convert -110010001111 (base 2) to base 3.
-11102002
131 (base 14) to base 2
11101111
What is 22130 (base 4) in base 12?
478
264 (base 10) to base 2
100001000
-8026 (base 13) to base 2
-100010011001000
Convert -1000101101 (base 2) to base 12.
-3a5
-11101001 (base 2) to base 14
-129
What is 21202221 (base 3) in base 10?
5668
3172 (base 13) to base 9
10354
-330 (base 7) to base 10
-168
-60807 (base 11) to base 6
-1523113
-1301 (base 6) to base 4
-11011
What is -2507 (base 10) in base 2?
-100111001011
-225 (base 11) to base 7
-533
What is 4a8b (base 12) in base 7?
33443
Convert -463 (base 7) to base 3.
-22221
What is 77b9 (base 14) in base 5?
1130433
What is 1000000101 (base 2) in base 3?
201011
59db (base 15) to base 11
1339a
-6070 (base 9) to base 3
-20002100
What is 21133 (base 4) in base 8?
1137
-11840 (base 9) to base 16
-1f26
What is 1656 (base 7) in base 9?
833
Convert 3102321 (base 4) to base 16.
34b9
Convert 3532 (base 6) to base 10.
848
Convert 44022 (base 5) to base 12.
18b0
Convert 11010011 (base 2) to base 6.
551
1011110011 (base 2) to base 15
355
What is 20579 (base 11) in base 2?
111010100010101
10348 (base 9) to base 8
15300
-1315 (base 12) to base 16
-881
Convert 1011000000100000 (base 2) to base 15.
d55d
What is 1111201 (base 4) in base 13?
2650
What is 330 (base 14) in base 13?
396
Convert 12880 (base 10) to base 15.
3c3a
d9 (base 15) to base 11
176
32332 (base 4) to base 16
3be
Convert 63036 (base 10) to base 4.
33120330
-2132031 (base 4) to base 8
-23615
What is 31643 (base 10) in base 7?
161153
Convert 412 (base 11) to base 13.
2c3
What is -1705 (base 8) in base 3?
-1022202
Convert -13130022 (base 4) to base 5.
-1433344
Convert -1a5 (base 15) to base 10.
-380
Convert 3c5d (base 14) to base 10.
10667
19d9 (base 14) to base 3
20110001
What is a64 (base 15) in base 4?
210220
What is ac90 (base 16) in base 2?
1010110010010000
Convert 40255 (base 6) to base 16.
14ab
What is 22514 (base 7) in base 3?
21212202
Convert 1743 (base 9) to base 8.
2467
10010 (base 5) to base 8
1166
Convert -44415 (base 8) to base 7.
-105344
Convert 21 (base 9) to base 6.
31
Convert 10000111110100 (base 2) to base 5.
234232
What is -202120120 (base 3) in base 4?
-3222120
What is 3231 (base 6) in base 7?
2104
What is 8085 (base 10) in base 15?
25e0
What is 1163 (base 10) in base 9?
1532
Convert 527a (base 14) to base 3.
201111200
Convert 32333 (base 4) to base 11.
7a2
Convert 63523 (base 8) to base 16.
6753
What is 50b (base 15) in base 8?
2160
What is 1100112 (base 3) in base 4?
33122
532 (base 10) to base 15
257
What is 18606 (base 9) in base 14?
49a5
What is -12ec5 (base 15) in base 13?
-21830
Convert 21002220 (base 3) to base 5.
131211
20430 (base 7) to base 10
5019
What is -206 (base 8) in base 16?
-86
What is 1132 (base 4) in base 16?
5e
Convert 11352 (base 12) to base 2.
101100110101110
Convert 1101011000 (base 2) to base 9.
1151
-33442 (base 6) to base 14
-1a02
-2634 (base 8) to base 4
-112130
Convert -122002211 (base 3) to base 14.
-4789
11411 (base 5) to base 8
1530
What is -15732 (base 8) in base 15?
-21a5
5959 (base 11) to base 6
100052
What is -3402440 (base 5) in base 11?
-40984
What is 884 (base 9) in base 12?
504
Convert 3448 (base 14) to base 4.
2031320
Convert -654 (base 8) to base 6.
-1552
10344 (base 5) to base 8
1324
What is -22317 (base 8) in base 9?
-13830
What is 6bb0 (base 13) in base 4?
3231100
3356 (base 12) to base 9
7713
What is -34040 (base 7) in base 15?
-2838
531311 (base 6) to base 16
a85b
3a (base 14) to base 3
1221
What is -3032222 (base 4) in base 9?
-20125
Convert 2422 (base 8) to base 14.
68a
2504 (base 11) to base 14
1299
What is -cf0 (base 16) in base 9?
-4480
Convert 12012 (base 4) to base 3.
112110
-412 (base 15) to base 6
-4125
What is -6090 (base 14) in base 13?
-7722
Convert -2025 (base 10) to base 9.
-2700
What is ab83 (base 15) in base 7?
210654
What is b85 (base 16) in base 7?
11412
Convert 1d1 (base 14) to base 2.
101111011
What is 3aa (base 13) in base 9?
788
What is 202411 (base 6) in base 2?
11111100000111
What is 130123 (base 9) in base 12?
39756
-356 (base 7) to base 10
-188
Convert 589 (base 13) to base 16.
3be
-10004 (base 6) to base 2
-10100010100
23332102 (base 4) to base 3
2111021101
2339 (base 11) to base 8
5773
Convert d697 (base 14) to base 15.
ae56
Convert -1112211 (base 4) to base 2.
-1010110100101
What is -1066 (base 11) in base 15?
-638
-1200101010 (base 3) to base 4
-20010312
-320 (base 4) to base 7
-110
What is 1320 (base 4) in base 10?
120
1411 (base 6) to base 2
101101111
Convert -31 (base 5) to base 15.
-11
Convert -54224 (base 6) to base 14.
-29cc
What is 1021 (base 7) in base 2?
101100110
What is -1122002110 (base 3) in base 11?
-22170
Convert -10010011001011 (base 2) to base 16.
-24cb
2276 (base 16) to base 10
8822
What is 2b7 (base 13) in base 10?
488
3128 (base 9) to base 14
b9c
149 (base 15) to base 7
600
Convert -335 (base 8) to base 7.
-434
66333 (base 7) to base 4
10003323
372a (base 13) to base 3
101201021
Convert 552 (base 9) to base 6.
2032
Convert -397 (base 11) to base 16.
-1d5
1200222021 (base 3) to base 12
1748a
What is -5654 (base 13) in base 7?
-50120
329 (base 14) to base 13
391
472 (base 9) to base 12
285
313433 (base 5) to base 2
10100011111101
What is -3391 (base 10) in base 7?
-12613
3824 (base 15) to base 6
131211
What is 102000032 (base 4) in base 16?
1200e
2111011002 (base 3) to base 12
243b5
What is 4134 (base 8) in base 5?
32030
Convert -489a (base 13) to base 15.
-3097
22233 (base 5) to base 14
800
1000000111 (base 2) to base 14
291
Convert -8951 (base 11) to base 3.
-121011210
Convert 22441 (base 5) to base 8.
3125
What is 1301212 (base 4) in base 3?
100222021
Convert -2222212 (base 3) to base 12.
-131b
-1d5ca (base 14) to base 5
-4401441
Convert 1a893 (base 11) to base 4.
13011131
-2567 (base 14) to base 8
-14637
-1046 (base 8) to base 11
-460
What is -105d1 (base 15) in base 16?
-caea
11011111100001 (base 2) to base 16
37e1
Convert -1033113 (base 4) to base 10.
-5079
Convert -8ee8 (base 16) to base 5.
-2132314
Convert -1232442 (base 5) to base 16.
-5e3a
Convert -10012010 (base 3) to base 13.
-109b
-13 (base 6) to base 16
-9
What is -1234 (base 5) in base 14?
-dc
c4 (base 14) to base 8
254
Convert -2462 (base 11) to base 8.
-6216
What is -7a5 (base 16) in base 9?
-2614
What is -480 (base 15) in base 11?
-848
-3352 (base 11) to base 14
-1873
What is -21222202 (base 3) in base 13?
-2861
Convert 31353 (base 7) to base 14.
2b